-21)?
2
Let f(c) = -14*c - 39. What is the hundreds digit of f(-11)?
1
Suppose 7 = 7*y - 28. Suppose y*p = -3*m + 26, 5*p = -2*m - 0*p + 24. Let t(s) = 2*s**2 - 3*s + 3. What is the units digit of t(m)?
5
Suppose 110*f = 113*f - 16734. What is the thousands digit of f?
5
Let c be (-4)/2 + 32 + -1. Let h = c - 18. What is the units digit of 0/2 + h - 0?
1
Suppose -22*j - 8298 + 129056 = 0. What is the hundreds digit of j?
4
Suppose 21 = -5*a + 3*i - 9, 5*a + 2*i = -5. What is the tens digit of ((-1)/a)/((-7)/(-1491))?
7
Let s(j) = -j**3 + 9*j**2 + 3*j - 9. Suppose -i - 5*i = -48. What is the units digit of s(i)?
9
What is the units digit of (30/(-9))/((-20)/6 + 3)?
0
Suppose 6*l = o + 2*l, 3*o = -4*l. Suppose 5 + o = w - v, w = 3*v + 7. Suppose w*b = 3*d - 2*d - 61, -5*b = -5. What is the tens digit of d?
6
Let l(j) = -4*j**3 - j**2 + 82*j - 5. What is the hundreds digit of l(-10)?
0
Let q(d) = -d - 20. Let l be q(-18). Let c be l*(-2 - -4) - -8. Suppose -2*j + 22 = 3*r, c*r - 5*j + 5 = -r. What is the units digit of r?
4
Let h be 4 + (-4)/4 + -1. Suppose -7 + h = -w. Suppose -3*t + 18 = y, -5*t + 74 = -2*y + w*y. What is the units digit of y?
3
Let n(k) = k**2 - 16*k - 32. Let z be n(18). What is the tens digit of 52/6*((-54)/z)/(-9)?
1
Suppose -2*w - 568 = -c, -79 + 73 = 2*w. What is the units digit of c?
2
Suppose -7*k = -642 - 14730. What is the thousands digit of k?
2
Suppose -n - w + 2114 = 0, 3*w - 8553 = -4*n - 97. Let b be 2/3 + n/42. Suppose -4*c + 161 = -b. What is the units digit of c?
3
Let s(a) = a + 9. Let h be s(-9). Suppose -3*k + 85 - 277 = h. What is the tens digit of (k/12)/(4/(-48))?
6
Let v be ((-6)/(-4))/(1/(-2)). Let d be v + (-4)/(12/(-213)). Let t = d + -32. What is the units digit of t?
6
Suppose 702*d + 22462 = 713*d. What is the hundreds digit of d?
0
Suppose 3*x + 186 = 2*l + 7*x, -5*l + 5*x = -390. Let o = 149 - l. What is the tens digit of o?
6
Suppose 156510 = 59*w + 15*w. What is the tens digit of w?
1
Suppose 32*w - 156 = 31*w. What is the hundreds digit of w?
1
Let n(a) = 5*a + 21. Let q be n(18). Suppose 3*d - q = 306. What is the units digit of d?
9
Let t(p) = 3*p**2 + 6*p - 3. Let o be t(5). Suppose 39 = -s + o. What is the tens digit of s?
6
Suppose 0 = -2*a + 2*l, -5*a + l + 2 = -3*a. Let p = 6 + a. Suppose -6*k = -p*k + 96. What is the tens digit of k?
4
Let v be 13 + -3 + (2 - -1). Let d be v + -9 + 0 + 134. Suppose 5*c = c - 5*a + 286, -2*c = 5*a - d. What is the units digit of c?
4
Suppose 5*k - 10 = 0, -1295 = -3*b + 9*k - 4*k. What is the hundreds digit of b?
4
What is the hundreds digit of (-2)/(8/(-13900)*5)?
6
Suppose -4*f + 7*f = 12. Let p be (-133)/(-38) - (-2)/f. Suppose 2*q - 11 = -b, p*q + q = -3*b + 32. What is the units digit of b?
9
Let k = 21 - -22. Suppose 3*i + 35 = b, 4*b = 4*i + k + 137. Let o = b - 30. What is the units digit of o?
0
Let k(g) = -91*g - 24. Let l be k(-7). Suppose -647 - l = -6*s. What is the units digit of s?
0
Let x(f) = 3*f + 30. Let y be x(-7). What is the hundreds digit of y/(((-21)/50)/(-7))?
1
Let j(x) = 201*x**2 + 3*x + 2. What is the units digit of j(5)?
2
Let p = 2258 + -423. What is the hundreds digit of p?
8
Suppose -g + 9 = -0. Suppose -2*f - 2 = 2. What is the units digit of (0 + f)*(-2 - g)?
2
Suppose 2*q - q = 2*w - 148, -q = -4. Suppose -86 - w = -6*o. What is the units digit of o?
7
Suppose 4*g - 100 - 76 = 0. Suppose 2*k - 5 - 3 = 0. Suppose 2*t - k*t = -g. What is the tens digit of t?
2
Let g = 13 + -8. Suppose i + 6 = -i, -i + 17 = g*l. Suppose l*r = 2*r + 68. What is the tens digit of r?
3
Suppose 760 = 9*a - 3371. What is the hundreds digit of a?
4
Let z = 2307 + -1403. What is the hundreds digit of z?
9
Suppose -2*m = 2*k + 244, -k - 57 = -4*m + 70. What is the hundreds digit of ((-4)/(5 - 3))/(2/k)?
1
Suppose -9*w + 5140 = 4*c - 4*w, -3*c + w + 3855 = 0. What is the hundreds digit of c?
2
Suppose 3*f = -2*f + 390. Suppose -2*w - w + f = 0. Let r = 37 - w. What is the units digit of r?
1
Suppose 3*m - 318 = 3*k, 2*m - 5*k - 202 = 22. What is the units digit of m/(6/(-15)*-5)?
1
Let p(a) = 20*a + 236. What is the hundreds digit of p(25)?
7
Suppose 8152 = 4*a + k, 34*k - 33*k = 4. What is the tens digit of a?
3
Suppose -149 = -3*t + 2*g + 844, -643 = -2*t - 5*g. What is the hundreds digit of t?
3
Let c = 46 - 44. What is the units digit of 3 + (c - 2) - 2?
1
Let y(k) = -3*k**3 + 2*k**2 + 2*k + 1. Let m be 2 - 15/6*-2. Let g = 6 - m. What is the units digit of y(g)?
4
Let y(m) = m**2 + 6*m + 4. Let a be y(-4). Let j be 2/4 - (-54)/a. Let f = -10 - j. What is the units digit of f?
3
What is the hundreds digit of (-164)/492 + 5/3*1403?
3
Let l = -449 - -455. What is the units digit of l?
6
Let a(u) = -5*u + 5. Let o(x) = x - 1. Let k(p) = a(p) + 4*o(p). Let r be k(-4). Suppose -3*l - 26 - 4 = -t, 2*t + r*l - 16 = 0. What is the units digit of t?
8
Suppose 5*k - 298 = 2947. What is the hundreds digit of k?
6
Let w(n) be the third derivative of n**4/12 - n**3/3 + 2*n**2. Let r be w(4). Suppose 4 = 5*a - r. What is the units digit of a?
2
Suppose -8*b = -16*b + 4416. What is the hundreds digit of b?
5
Let z(s) = 35*s**2 + 2*s + 1. Let q be z(-1). Suppose q*c = 32*c + 4. Suppose -c*l - l = -39. What is the tens digit of l?
1
Let d(p) = 8*p**2 - 13*p + 10. Let u be 3/12 + 1 + (-44)/(-16). What is the units digit of d(u)?
6
Let v(p) be the second derivative of p**4/12 + 9*p**2 + 12*p. What is the tens digit of v(-7)?
6
Let q(s) be the second derivative of s**5/20 + 2*s**4/3 + s**3/2 - 89*s. Suppose -4*t - 17 = 7. What is the units digit of q(t)?
4
Suppose -4*a + 15*t + 148 = 19*t, -4*t = 2*a - 80. What is the tens digit of a?
3
Let h(o) = 2*o**3 + 2*o**2 - 2*o + 2. Let k be h(5). Suppose 4*y = 120 + k. What is the hundreds digit of y?
1
Let f be (-20)/(3/(-3)) - 0. Suppose 13 + f = h. What is the tens digit of h?
3
Let w be 0 - (1 + -2)*(3 + 2). Suppose 2*q - 6 = 0, 2*t - w*q = 242 + 319. What is the tens digit of t?
8
Let x(m) = -m**2 + 5*m + 2. Let p be x(5). Suppose 0 = 3*h - 3*b - 207, -h + p*b + 0*b + 70 = 0. What is the units digit of h?
8
Let h(m) = m**2 - 9*m - 15. Let n be h(11). Let o be 7/(n/135) + -2. Suppose 2*y = -2*y + 5*p + o, p + 33 = y. What is the tens digit of y?
3
Let u = 595 + -425. What is the hundreds digit of u?
1
Let q(t) = -21*t - 76. What is the units digit of q(-22)?
6
Suppose 0 = -q + 2*p - 674 + 1787, 3*p = -q + 1123. What is the tens digit of q?
1
Suppose 4*t + d - 2576 = 3489, -2*d - 6050 = -4*t. What is the hundreds digit of t?
5
Suppose 3*m + 2*y - 74 = 0, -m = -2*m - 4*y + 8. Let f be ((-70)/4)/(2/4). What is the units digit of (m/f)/(2/(-35))?
4
Let h(z) = 144*z + 326. What is the units digit of h(20)?
6
Suppose -25 = -0*i - 5*i + 2*f, -3*i + 15 = 3*f. Suppose -39 = -h - w, -h + w + 33 = i*w. What is the units digit of h?
1
Suppose -k = -6*k - 5. Let a(t) = -t - 2. Let d be a(8). Let j = k - d. What is the units digit of j?
9
Let k(p) = -14*p**3 - 8*p**2 - 12*p + 2. What is the tens digit of k(-3)?
4
Let l(z) = -60*z - 161. What is the hundreds digit of l(-8)?
3
Let y be 2/6 - (-22)/6. Suppose -y = v - 5. Let q = v + 10. What is the units digit of q?
1
Let a be ((-9)/72)/((-1)/8). Let s(o) = 19*o + 2. What is the tens digit of s(a)?
2
Suppose 32*t = -12264 + 37512. What is the units digit of t?
9
Let g = 741 - -505. What is the hundreds digit of g?
2
What is the tens digit of (-18530)/(-22) + 75/(-275)?
4
Suppose 0 = -5*p + 4*p - 5*f + 137, -620 = -4*p - 2*f. Suppose -3*i - p = -5*g - 6*i, -4*i = 4. What is the tens digit of g?
3
Suppose -4*n = n - 3*i - 56, -2 = i. What is the hundreds digit of (n + -4 + -5)*157/1?
1
Suppose 59*v + 2680 = 67*v. What is the units digit of v?
5
Suppose 5*x = 5*a - 8*a + 1244, 0 = 3*a + 4*x - 1246. What is the hundreds digit of a?
4
Let m(g) = -g**2 + 30*g + 8. Let k be m(9). Suppose 602 = 5*w + k. What is the units digit of w?
1
Suppose a - 6*a + 5*g + 60 = 0, -a - g = -14. Let i = a + -15. Let r = 13 + i. What is the units digit of r?
1
Let u = 1 + -23. Let x = 27 + u. Suppose x*n + 84 = 319. What is the tens digit of n?
4
Suppose -34*m + 205535 = 21*m. What is the tens digit of m?
3
Let u = -10 - -58. Suppose -2*b - 10 = -7*b. Suppose b*l + p - u = 90, -3*p - 122 = -2*l. What i